{"id":672,"date":"2018-08-23T14:24:17","date_gmt":"2018-08-23T14:24:17","guid":{"rendered":"http:\/\/ifmc-zse.hr\/2019\/?page_id=672"},"modified":"2019-09-02T17:01:27","modified_gmt":"2019-09-02T17:01:27","slug":"drustvena-odgovornost","status":"publish","type":"page","link":"https:\/\/ifmc-zse.hr\/2019\/drustvena-odgovornost\/","title":{"rendered":"Dru\u0161tvena odgovornost"},"content":{"rendered":"\t\t<div data-elementor-type=\"wp-post\" data-elementor-id=\"672\" class=\"elementor elementor-672\">\n\t\t\t\t\t\t<div class=\"elementor-inner\">\n\t\t\t\t<div class=\"elementor-section-wrap\">\n\t\t\t\t\t\t\t\t\t<section class=\"elementor-section elementor-top-section elementor-element elementor-element-b549c2b elementor-section-boxed elementor-section-height-default elementor-section-height-default\" data-id=\"b549c2b\" data-element_type=\"section\">\n\t\t\t\t\t\t<div class=\"elementor-container elementor-column-gap-default\">\n\t\t\t\t\t\t\t<div class=\"elementor-row\">\n\t\t\t\t\t<div class=\"elementor-column elementor-col-100 elementor-top-column elementor-element elementor-element-26c9817\" data-id=\"26c9817\" data-element_type=\"column\">\n\t\t\t<div class=\"elementor-column-wrap elementor-element-populated\">\n\t\t\t\t\t\t\t<div class=\"elementor-widget-wrap\">\n\t\t\t\t\t\t<div class=\"elementor-element elementor-element-3603e69 elementor-widget elementor-widget-text-editor\" data-id=\"3603e69\" data-element_type=\"widget\" data-widget_type=\"text-editor.default\">\n\t\t\t\t<div class=\"elementor-widget-container\">\n\t\t\t\t\t\t\t\t<div class=\"elementor-text-editor elementor-clearfix\">\n\t\t\t\t<p class=\"MsoNormal\"><span style=\"font-family: Georgia, Palatino; font-size: 12pt;\">Konferencija \u2018Izazov promjene\u2019 nastoji biti dru\u0161tveno odgovorna i poduprijeti ciljeve koje smatramo va\u017enima. Jedan od njih jest i UNICEF-ova inicijativa za unaprje\u0111enje uvjeta u svim nacionalnim rodili\u0161tima, kako bi sve novoro\u0111ene djevoj\u010dice i dje\u010daci u Hrvatskoj te njihove obitelji imali najbolji mogu\u0107i po\u010detak u \u017eivotu.<\/span><\/p><p class=\"MsoNormal\"><span style=\"font-family: Georgia, Palatino; font-size: 12pt;\">Sudjelovanjem u humanitarnoj utrci <span lang=\"HR\" style=\"color: #333399;\"><a style=\"color: #333399;\" href=\"https:\/\/www.unicef.hr\/vijest\/ocekuje-se-rekordan-broj-trkaca-za-najbolji-pocetak-zivota-za-svako-dijete-u-hrvatskoj\/\"><span lang=\"EN-US\">Mlije\u010dna staza<\/span><\/a><\/span> i Vi mo\u017eete pomo\u0107i ostvarenju ovog cilja.<\/span><\/p><p class=\"MsoNormal\"><span style=\"font-family: Georgia, Palatino; font-size: 12pt;\">Prihod od kotizacija bit \u0107e usmjeren nabavci opreme koja je od rodili\u0161ta prepoznata kao prioritetna. To, izme\u0111u ostalog, uklju\u010duje be\u017ei\u010dni CTG koji mjeri djetetov puls, a majci omogu\u0107uje kretanje, fototerapijsku dekicu za lije\u010denje novoro\u0111ena\u010dke \u017eutice dok je dijete uz majku te kreveti\u0107e za bebe prilago\u0111ene majkama koje su rodile carskim rezom. Dio sredstava usmjerit \u0107e se i u edukaciju zdravstvenih djelatnika, osna\u017euju\u0107i ih u namjeri da uspostave i odr\u017ee podr\u017eavaju\u0107e okru\u017eenje u rodili\u0161tima.\u00a0\u00a0<\/span><\/p><p class=\"MsoNormal\"><span style=\"font-family: Georgia, Palatino; font-size: 12pt;\">Ne mo\u017eete prisustvovati utrci, no \u017eelite pomo\u0107i ? Za vi\u0161e informacija posjetite: <span lang=\"HR\" style=\"color: #333399;\"><a style=\"color: #333399;\" href=\"https:\/\/www.unicef.hr\/\">https:\/\/www.unicef.hr\/<\/a><\/span><\/span><\/p>\t\t\t\t\t<\/div>\n\t\t\t\t\t\t<\/div>\n\t\t\t\t<\/div>\n\t\t\t\t\t\t<\/div>\n\t\t\t\t\t<\/div>\n\t\t<\/div>\n\t\t\t\t\t\t\t\t<\/div>\n\t\t\t\t\t<\/div>\n\t\t<\/section>\n\t\t\t\t<section class=\"elementor-section elementor-top-section elementor-element elementor-element-6a57f52 elementor-section-boxed elementor-section-height-default elementor-section-height-default\" data-id=\"6a57f52\" data-element_type=\"section\">\n\t\t\t\t\t\t<div class=\"elementor-container elementor-column-gap-default\">\n\t\t\t\t\t\t\t<div class=\"elementor-row\">\n\t\t\t\t\t<div class=\"elementor-column elementor-col-100 elementor-top-column elementor-element elementor-element-b782f11\" data-id=\"b782f11\" data-element_type=\"column\">\n\t\t\t<div class=\"elementor-column-wrap elementor-element-populated\">\n\t\t\t\t\t\t\t<div class=\"elementor-widget-wrap\">\n\t\t\t\t\t\t<div class=\"elementor-element elementor-element-23e4c31 elementor-align-center elementor-widget elementor-widget-button\" data-id=\"23e4c31\" data-element_type=\"widget\" data-widget_type=\"button.default\">\n\t\t\t\t<div class=\"elementor-widget-container\">\n\t\t\t\t\t<div class=\"elementor-button-wrapper\">\n\t\t\t<a href=\"https:\/\/www.unicef.hr\/donirajte-za-mame-i-bebe\/\" target=\"_blank\" class=\"elementor-button-link elementor-button elementor-size-lg\" role=\"button\">\n\t\t\t\t\t\t<span class=\"elementor-button-content-wrapper\">\n\t\t\t\t\t\t<span class=\"elementor-button-text\">DONIRAJTE VE\u0106 DANAS<\/span>\n\t\t<\/span>\n\t\t\t\t\t<\/a>\n\t\t<\/div>\n\t\t\t\t<\/div>\n\t\t\t\t<\/div>\n\t\t\t\t\t\t<\/div>\n\t\t\t\t\t<\/div>\n\t\t<\/div>\n\t\t\t\t\t\t\t\t<\/div>\n\t\t\t\t\t<\/div>\n\t\t<\/section>\n\t\t\t\t\t\t\t\t\t<\/div>\n\t\t\t<\/div>\n\t\t\t\t\t<\/div>\n\t\t","protected":false},"excerpt":{"rendered":"<p>Konferencija \u2018Izazov promjene\u2019 nastoji biti dru\u0161tveno odgovorna i poduprijeti ciljeve koje smatramo va\u017enima. Jedan od njih jest i ...<\/p>","protected":false},"author":3,"featured_media":0,"parent":0,"menu_order":0,"comment_status":"closed","ping_status":"closed","template":"","meta":[],"_links":{"self":[{"href":"https:\/\/ifmc-zse.hr\/2019\/wp-json\/wp\/v2\/pages\/672"}],"collection":[{"href":"https:\/\/ifmc-zse.hr\/2019\/wp-json\/wp\/v2\/pages"}],"about":[{"href":"https:\/\/ifmc-zse.hr\/2019\/wp-json\/wp\/v2\/types\/page"}],"author":[{"embeddable":true,"href":"https:\/\/ifmc-zse.hr\/2019\/wp-json\/wp\/v2\/users\/3"}],"replies":[{"embeddable":true,"href":"https:\/\/ifmc-zse.hr\/2019\/wp-json\/wp\/v2\/comments?post=672"}],"version-history":[{"count":5,"href":"https:\/\/ifmc-zse.hr\/2019\/wp-json\/wp\/v2\/pages\/672\/revisions"}],"predecessor-version":[{"id":1519,"href":"https:\/\/ifmc-zse.hr\/2019\/wp-json\/wp\/v2\/pages\/672\/revisions\/1519"}],"wp:attachment":[{"href":"https:\/\/ifmc-zse.hr\/2019\/wp-json\/wp\/v2\/media?parent=672"}],"curies":[{"name":"wp","href":"https:\/\/api.w.org\/{rel}","templated":true}]}}